= 8 + -4. Suppose -3 = -3*v + 2*v. Let r(t) = 2*t**v + 4*t + 3 + t - g*t - 2 - 3*t**2. Calculate r(2).
7
Let t(h) = -h**3 - h. Let n(u) = -4*u**2 + 5. Let g(j) = n(j) + t(j). What is g(-4)?
9
Let k(v) = -3*v**2 + 2*v - 2. Let b(q) = 7*q**2 - 5*q + 5. Let x be (-5)/(-4)*4*1. Let g(h) = x*k(h) + 2*b(h). Give g(3).
-9
Let o = 106 + -106. Let k(b) = -1. Let g(p) = p - 5. Let r(c) = -g(c) + 6*k(c). Calculate r(o).
-1
Let i(v) = v**3 + 3*v**2 + 3*v + 2. Let o = -1 + -1. Let c be i(o). Let h(p) = -2*p**2 + 2*p + c*p**2 + 4*p**3 - 1 - p**3 + 0*p**3. What is h(1)?
2
Let k(u) = -5*u**2 - 10*u - 3. Let v(i) = -14*i**2 - 29*i - 8. Let s(x) = -17*k(x) + 6*v(x). Suppose d + d - 14 = 0. Let r be (-1 - d)/(2/(-1)). Determine s(r).
3
Suppose 0 = 3*u - 2*c + 7, -4*c - 1 = -2*u + u. Let h be 1*u - (1 + 1). Let g(v) = -v**3 - 5*v**2 - 7. Give g(h).
-7
Let j(k) = k**2 + 2*k - 6. Suppose -3*z + 15 = -f - 5, -3*f = -z + 20. Determine j(f).
9
Let i be 1*2/(-4)*6. Let d(o) be the third derivative of -o**5/60 - 2*o**2. What is d(i)?
-9
Let l(f) = 5 - 11*f + 17*f - 8*f. Let q(v) = -v**3 - 7*v**2 - 7*v - 1. Let a be q(-6). Let t be l(a). Let o(u) = 2*u + 3. Calculate o(t).
-7
Let l(f) = f**2 - 7*f + 6. Let k be l(4). Let a = -10 - k. Let t(b) = -5 - b**2 + 3 - 6*b - 2. Determine t(a).
4
Let r(k) be the first derivative of -k**2/2 - 4*k - 6. Determine r(6).
-10
Let q(h) = h**3 + 4*h**2 - 6*h + 1. Suppose s = 6 - 3. Let c be -2 + (-3 + 3 - s). Give q(c).
6
Let c(d) = d**3 + 5*d**2 + d + 7. Suppose i - 30 = 4*i + 2*p, 2*i + 5*p = -9. Let y be (1 - 1)*4/8. Let g be (-20)/i*(y + -3). Give c(g).
2
Let j(l) = l**2 + 3*l - 5. Suppose 2*g - f + 28 = -3*f, 0 = -5*f - 10. Let w = 18 + g. Let s = w + -11. Calculate j(s).
5
Let n(j) = j**2 - 5*j + 1. Let q be n(5). Let l(t) = -8*t - 5. Let k(b) = -23*b - 14. Let p(a) = 4*k(a) - 11*l(a). Determine p(q).
-5
Suppose 2 = 3*w + 20. Let d(x) = x**2 + 4*x + 7. Determine d(w).
19
Let t = 0 + 2. Suppose 0 = r + 4*r + 3*a - 13, 3*r - 4*a - 2 = 0. Let k(h) = 2*h + 4*h**r - 4*h + 3 - 3*h**2. Give k(t).
3
Let y(j) = j**2 - 5*j**3 + 8*j**3 - 1 - 6*j**3 - j**3 + j. Give y(1).
-3
Let n(j) = 0*j + 0*j + 2 - j - j**2. Let u be 1/(2/(-14)) + 0. Let w(m) = -m**3 - 6*m**2 + 6*m - 5. Let q be w(u). What is n(q)?
-4
Let f(l) be the first derivative of l**3 + l**2 + 1/4*l**4 + 2*l + 2. Give f(-3).
-4
Let d be 1/2*0/(-1). Let s(w) = 5 + 1 + d - 2 - 3*w. Give s(3).
-5
Let v(f) be the first derivative of -f**4/4 - 2*f**3/3 - 3*f**2/2 - f + 2. Let j = 8 + -13. Let m = j + 3. Calculate v(m).
5
Let z(k) = 3*k**2 - 4*k + 2. Let y = -159 + 161. What is z(y)?
6
Let p = -17 - -13. Let n(j) = j + 6. What is n(p)?
2
Let a(f) = f**3 - 7*f**2 - 2*f + 4. Let w = -65 + 72. What is a(w)?
-10
Suppose 0 = -5*g - 5, 4*o + 5*g + 4 + 5 = 0. Let w(m) = -33 + 66 - 3*m - 32. Give w(o).
4
Let g(w) = w**3 - 4*w**2 - 3*w - 1. Let q be 992/186 + 0 + 1/(-3). Calculate g(q).
9
Let r(b) = 4*b - b**2 + 2 - 14*b + 7*b. Suppose u + u = -10. Give r(u).
-8
Let k(x) = -8*x**2 + x - 1. Suppose i - 4 = 5*v - 0*v, 2*i = -4*v + 8. Suppose 3 = 5*q - 3*q + c, 3*q + 2*c - 5 = 0. Let j = q + v. Give k(j).
-8
Let r(z) = z - 8. Let i be r(6). Let v(g) be the third derivative of -2*g**2 + 0 - 1/24*g**4 + 0*g**3 + 0*g. Calculate v(i).
2
Let z(v) = v**3 - 7*v**2 - v + 4. Let m be z(7). Let s(l) = -l**3 + 2*l**3 - 3*l**2 + l - 2*l**3 + 4. Give s(m).
1
Let h(y) = -3 + 3 + y. Give h(-6).
-6
Let i(r) = r - 9. Let o be 0*((-2)/4 - 0). Suppose o*u + 12 = 4*u. Suppose u*v - 12 = 0, -2*m - 3*m + 3*v = 12. Determine i(m).
-9
Let f(n) be the first derivative of n**4/4 - 4*n**3/3 - n**2/2 - 2*n - 7. What is f(4)?
-6
Let m(l) be the first derivative of -1/3*l**3 + 3*l**2 - 2 - l. Give m(4).
7
Let h(g) = g**3 + 4*g**2 + 2*g - 1. Let i(z) = z + 12. Let p be i(-14). What is h(p)?
3
Suppose m + 28 = 5*k, 0*k - 2*k + 18 = 3*m. Let q = 6 - k. Let z(u) = u**2 + u + 6. Determine z(q).
6
Let y(g) = -3*g - 7. Let x = 13 + -17. Calculate y(x).
5
Let a be -2 - (1 + 1 + 2). Let h(w) = -2*w + 4. Give h(a).
16
Let x(t) = -3*t + 4. Let u be (-6)/39 - ((-82)/13)/2. What is x(u)?
-5
Suppose 4*c = 4*h - 10 + 26, 23 = -2*h + 5*c. Let m(k) = 5 + k - 4 + h - 4*k. What is m(2)?
-4
Let n(f) be the first derivative of -f**3/3 - 5*f**2/2 - 1. What is n(-6)?
-6
Let s(x) = x - 6 - 8 + 5. Determine s(5).
-4
Let l(h) be the second derivative of h**4/12 - h**3 + 7*h**2/2 - 3*h. Give l(5).
2
Let p = 1 + 3. Let u be (1*p)/(4/4). Let w(l) = 0 + 2 + l + l - 4*l**2 + 3*l**2. What is w(u)?
-6
Suppose 0*z - 4*z = 3*b - 5, 5*b - z = 16. Let y(s) be the third derivative of -1/120*s**6 + 0*s - s**2 + 0 - 1/10*s**5 + s**b + 0*s**4. Calculate y(-6).
6
Let z(w) = w. Let k(r) = -r**3 + 6*r**2 + 8*r - 10. Suppose -1 = -4*u + 27. Let c be k(u). What is z(c)?
-3
Let b be ((-2)/(-5))/(2/60). Suppose -b = -g + 4*g. Let v(i) be the second derivative of i**3/6 - 3*i**2/2 + i. Calculate v(g).
-7
Suppose 8 = y - n + 2, 2*n = -8. Let j(o) = -4*o**y + 4*o + o**2 + 2*o**2 + 5*o. Give j(6).
18
Suppose -7*v + 7 = -3*v - d, -v + 5*d - 3 = 0. Let z be (-5)/v*(-24)/15. Let h(t) = t + 3. What is h(z)?
7
Suppose -f = -3*l + 1, -2*l = -2*f + l + 1. Let i(j) = 2*j**3 - 4*j**2 - 3*j**3 - 6*j + 6 + j + 9*j**f. Let u = 9 - 5. Calculate i(u).
2
Let x(g) = -g - 1. Suppose 3*j = 12 - 6. Determine x(j).
-3
Let g(h) = -3*h - 5. Let w(r) = r + 4. Let x be w(-3). Suppose 0 = m + 3 + x. Determine g(m).
7
Suppose 3 - 1 = 2*c. Suppose 0 = -w + c. Let l(z) = -3 + 3 + 3*z. Determine l(w).
3
Let p be (-4 - -16)*1/3. Let y(u) = -5*u + p*u - u. Give y(5).
-10
Suppose -4*l + 3*l - 11 = 0. Let b = -10 - l. Let i(k) = 4*k**3 + k. What is i(b)?
5
Let w(j) = -j - 6. Let u be w(0). Let b(c) = -c - 2*c + 11*c - 7*c + 10. Give b(u).
4
Let h(g) = -6*g**3 + 2*g - 4*g**3 - 2 + 11*g**3 - 5*g**2. Suppose -z + 14 = 5*p, 4*p + 1 - 5 = z. Suppose -v = -f + 8 - 1, -4*f - p*v = -16. Determine h(f).
8
Let q(m) = m**3 - 4*m**2 - m. Let i be (28/6)/(8/(-12)). Let d = -3 - i. Give q(d).
-4
Let a be (-5)/(-3) - (-3)/9. Let i(y) = y**3 + 0*y + 2*y + 13*y**a - 11*y**2. What is i(-2)?
-4
Suppose 0 = 9*k - 6*k + 300. Let t be (k/(-30))/(4/6). Let b(p) = -p**2 + 5*p + 4. Determine b(t).
4
Let h(s) = s - 5. Let q be h(5). Let o(l) = -8 + q - l + 15. Calculate o(4).
3
Let m(i) = -i**2 - 6*i - 4. Suppose 3*o = -11 - 1. Calculate m(o).
4
Let u(y) = -11*y - 78. Let r be u(-7). Let i(m) be the third derivative of m**6/20 - 2*m**2. Determine i(r).
-6
Let b = -1 + -1. Let n be b/(-21)*9*7. Let t(w) = -2*w + 9. Give t(n).
-3
Let k(p) be the second derivative of p**5/20 + p**4/2 + p**3/2 + p. Suppose i = j + 6, i = 5*i - 4. What is k(j)?
10
Let t(s) = 11*s - 8. Let q(l) = -10*l + 7. Let w(k) = 7*q(k) + 6*t(k). Determine w(-1).
5
Let n(k) = -k - 9. Let c be -10*1*(0 - (-2)/4). Determine n(c).
-4
Suppose 0 = 3*n - n - 5*h + 8, 4*n - 4*h - 8 = 0. Let i(v) = -v**3 + 6*v**2 - 6. Calculate i(n).
-6
Suppose 2*d - 7 = -3. Let g(w) = -w + 1. What is g(d)?
-1
Let u = -13 + 9. Let k = 5 + u. Let c(d) = -d**3. Determine c(k).
-1
Let z(s) = 2 + 4*s - 19*s + 9*s + s**2. Give z(5).
-3
Let j(v) = -5*v**2 + 5*v - 2. Let q(c) = -4*c**2 + 1. Let h be q(1). Let k(d) = -6*d**2 + 6*d - 2. Let w(s) = h*k(s) + 4*j(s). Give w(2).
-6
Let s be (-8)/6*(-24)/(-16). Let z(c) = 3*c**2 + 17*c - 2. Let w(y) = y**2 + 6*y - 1. Let p(k) = -11*w(k) + 4*z(k). Determine p(s).
3
Let s(y) = -y**3 - 12*y**2 + 6*y - 8. Let a(g) = g**3 + 11*g**2 - 5*g + 7. Let j(w) = 6*a(w) + 5*s(w). Give j(-6).
2
Let w(f) = f**2 - 4*f + 1. Let m be w(3). Let r(g) be the second derivative of -g**4/12 - g**3/3 - g. Determine r(m).
0
Let g(z) = z**2 + 6*z + 2. Let x = -44 - -41. Determine g(x).
-7
Let g(b) be the first derivative of b**4/4 + b**3 + 2*b**2 + b - 28. Determine g(-3).
-11
Let o(z) be the second derivative of -2*z**3/3 + z. Suppose 4*q + 1 = 3*q. What is o(q)?
4
Let t(d) = -d**2 + 2*d + 1. Let k = 0 - 3. Let z be -41*(k + (1 - -1)). Suppose -4*w - o = w - 25, 4*w + 5*o - z = 0. Give t(w).
-7
Suppose -3*h + 7*h = 12. Suppose h - 9 = -3*n. Let g(x) = -x**2 + 0*x**3 + 3*x**3 - 1 - x - n*x**3 - 5*x**3. Determine g(-1).
3
Suppose -h + 4*w = 4*h - 35, -25 = -5*h + 2*w. Suppose -f + h = -q - 3, f = 5*q + 10. Let o(c) = -3*c**3 - c. What is o(q)?
4
Let f(y) = y**3 - 23*y**2 + 21*y + 18. Let